*k - 27. Let i(v) = -3*v**2 - 2*v - 2. Let u(h) = 6*i(h) - n(h). What is u(-20)?
-25
Let i = -18 + 18. Let c(a) = -2*a + 2*a**2 + 2*a**2 + i*a - a + 21 - 5*a**2. Calculate c(-6).
3
Suppose 21 = g - 2*g - 3*p, 0 = 5*g - 10*p + 5. Let i(x) = 2*x**2 + 17*x + 12. What is i(g)?
21
Let o(r) = 34*r**2 + 50*r - 16. Let u(j) = 40*j**2 + 49*j - 15. Let c(z) = 7*o(z) - 6*u(z). Determine c(28).
-22
Let p(r) = 6*r**3 - 12*r**2 + 12*r + 4. Let l(k) = k**3 - k**2 + k + 1. Let z(n) = 5*l(n) - p(n). Let c(b) = -b**2 - 5*b + 19. Let d be c(-7). Determine z(d).
16
Let r = 174 + -172. Let n(s) = -4*s**2 - 3*s. Let g(u) = -u**3 - 5*u**2 - 3*u - 1. Let p(z) = r*g(z) - 3*n(z). What is p(2)?
-4
Let n(z) = -2 - 2*z + 2*z**2 - 8*z**3 + z**2 + 6 - 11*z**3 + 20*z**3. Calculate n(-5).
-36
Let j(f) = f**2 - 8*f**2 - f - 5*f**2 - 3*f**2 + 14*f**2. Let i(d) = 5*d**2 - 6*d + 5. Let y(v) = -i(v) - 4*j(v). Determine y(11).
-16
Let t(a) = 5*a**3 + 5*a + 3. Let s(v) = -12*v**3 + v**2 - 11*v - 6. Let p be 6/(-9) + ((-16)/(-12))/(-1). Let u(k) = p*s(k) - 5*t(k). Give u(-2).
3
Let h(x) = 33*x**2 + 1490*x - 116. Let j(b) = -22*b**2 - 993*b + 78. Let l(p) = -5*h(p) - 8*j(p). Give l(-45).
1
Let m(u) = u - 14. Let q be m(16). Let x(w) = w**2 + q*w - 6*w - 7 + 4*w**2 - 6*w**2. Calculate x(-3).
-4
Let t be ((-168)/(-7))/(-6) + -2. Let a be (-1 - -2)*(45/(-5) - t). Let o(v) = 3*v + 2 + 2 - 1. Give o(a).
-6
Let q(t) be the third derivative of 3/8*t**4 + 1/120*t**6 + 5/3*t**3 + 0*t - 127*t**2 + 0 + 3/20*t**5. Determine q(-8).
2
Let n(m) = -55 + 34*m + 35 + 25 + 23. Let s be n(-1). Let p(o) = -2*o**2 - 7*o + 7. Calculate p(s).
-23
Let k(z) = -2*z**2 - 10*z - 15. Let h be k(-6). Let f be 3*(0 + -1) - (h - -23). Let o(r) = -8*r**2 - r. Give o(f).
-9
Suppose -5*q + 3*k = -6, 2*q - 1015*k + 1014*k - 2 = 0. Let i(z) = 4*z - 12. Determine i(q).
-12
Suppose -7*z + 9*z - 8 = 0. Suppose 0 = 5*n - 2*w + 10, -5*n - 13 = 4*w - 33. Let x(h) = -2 - 3 + 4 - h + n. What is x(z)?
-5
Let l(z) be the first derivative of -7*z**2/2 - 42*z + 1065. What is l(-6)?
0
Suppose -k = 3 - 2. Let n be 6 + -5 + 0/k. Let j(u) = 2109*u - 23 - 4206*u + 24 + 2104*u. Determine j(n).
8
Let v be (-22 - -11)/(3/18). Let k be 1/(5 - (-336)/v). Let o(r) = r**3 + 11*r**2 + 2*r + 12. Give o(k).
-10
Suppose -3*p - 5*z + 33 = 0, -p = -5*z + 3 + 6. Let t(b) = b + 0*b + 4 + 10. Let r(i) = -1. Let c(k) = p*r(k) + t(k). What is c(0)?
8
Let f(z) be the second derivative of z**3/3 - 12*z**2 + 2*z + 2624. Determine f(-11).
-46
Suppose -l + d + 50 = 0, 2*l = 3*l + 3*d - 38. Suppose -37 = 7*f + l. Let u(c) = c**3 + 12*c**2 + c + 3. Calculate u(f).
-9
Let f(v) = 12*v**2 + 8 + 126*v**3 - 14*v + 3*v**2 + 4 - 1 - 125*v**3. Give f(-16).
-21
Let r(i) = 5*i. Let n(f) = -41*f. Let a(y) = -6*n(y) - 51*r(y). Let o = -4 + 2. Let t be (-8)/6*(7 + -4) - o. Calculate a(t).
18
Let r(i) = i**2 - 2*i - 10. Suppose 13*k + 2777 = 2855. Calculate r(k).
14
Let o = 35 - 31. Suppose 107 - 111 = -s. Let l(t) = -o*t + 1 + 148*t**2 - 149*t**2 - s. What is l(-4)?
-3
Let y(v) = 10*v**3 + v**2 - 2*v + 1. Suppose 0 = 5*f - 20, 3*j = -4*f + 20 + 62. Let r be (-4)/j + (75/(-11) - -8). Give y(r).
10
Let s(v) = 64*v - 129*v + 12 + 62*v. Suppose 3*j + 14*j - 85 = 0. Determine s(j).
-3
Let k(x) be the third derivative of x**5/60 - 43*x**4/24 + 19*x**3/6 + 5988*x**2. Give k(42).
-23
Let v(w) = -w**3 + 5*w**2 + 2*w - 1. Let z(s) = -8*s**2 - 369*s + 9*s**2 - 7 - 2 + 367*s. Let j be z(5). Calculate v(j).
-25
Let k(d) = -3*d**2 + 116*d - 382. Let g(m) = -2*m**2 + 76*m - 255. Let y(s) = 11*g(s) - 7*k(s). Give y(7).
-12
Let l(n) be the third derivative of n**4/8 + 3*n**3/2 - 7*n**2. Let q be -25*(-4)/20 - (-33)/(3 - 6). What is l(q)?
-9
Suppose 32*s - 29*s + 12 = 3*t, -14 = -4*t + 3*s. Let h(n) = -3*n - 1. Calculate h(t).
-7
Let k(h) be the first derivative of 7*h**5/60 - h**4/24 + 5*h**3 + 72. Let t(c) be the third derivative of k(c). Calculate t(-1).
-15
Let n(f) = 15*f**2 - 171*f - 46. Let j(k) = 4*k**2 - 39*k - 11. Let r(y) = -13*j(y) + 3*n(y). Determine r(3).
-76
Suppose 0 = 15*b + 103*b - 905 + 315. Let q(r) = -3*r**2 + 34*r - 95. Determine q(b).
0
Suppose -5*t = -10, 2*h = 5*t - 8 + 2. Let z(n) = 4*n**h - 3*n**2 + 2 - 4*n + 3. Let i = 75751 + -75747. What is z(i)?
5
Let j = 155 + -150. Let w(l) = -10*l + l**3 - j*l**2 - 5*l**2 + 17*l**2. Calculate w(-8).
16
Let y(o) = 7*o + 33. Suppose -183 + 153 = 6*i. Let s be y(i). Let m(c) = 2*c**2 + 3*c + 2. What is m(s)?
4
Suppose -5*g - j + 23 = 0, -6*j = -2*g - 3*j + 16. Let v(a) be the second derivative of 1/4*a**4 + 3/2*a**2 + 0 - 1/20*a**g - 2/3*a**3 - 2*a. Calculate v(3).
-9
Let t(z) = z + 51. Suppose -12*l - 310 - 350 = 0. Let x be t(l). Let r(f) = 3*f + 1. Calculate r(x).
-11
Suppose -30 = -5*x - 2*z, -6*x = -2*x + 5*z - 7. Suppose -x*b + b = -2*b. Let n(h) = 2*h**2 + 2. Calculate n(b).
2
Let h = 301 + -252. Suppose -44*l = -h*l + 45. Let u(w) = -w + 9. Calculate u(l).
0
Let o(i) = 3*i**2 - 7*i - 5. Suppose 6*u - 18 = -0*u. Let h be (10*4/(-16))/(1/(-2)). Let v(j) = -2*j**2 + 4*j + 3. Let g(z) = h*v(z) + u*o(z). What is g(-3)?
-6
Let f(l) = l**2 - 12*l + 16. Suppose 2*b = 3*b - 149. Let t = b + -138. Calculate f(t).
5
Let y = -32 - -102. Suppose 1 - 7 = -3*n. Let s be y/21 - n/(-3). Let r(i) = i**2 - 2*i. Give r(s).
8
Let o(q) = q + 108. Let m be o(0). Let r be (-3)/(-27) + -6*(-88)/m. Let l(g) be the third derivative of g**6/120 - g**5/10 - g**4/24 + g**3 - g**2. Give l(r).
-24
Let l be 84/(-4)*8/(-28). Let t be 1*5/(15/9). Let d(s) = 4 - 5*s + 3 + t*s. What is d(l)?
-5
Let m(v) be the second derivative of -v**4/8 + 4*v**3/3 + 17*v**2/2 + 8*v + 5. Let a(i) be the first derivative of m(i). Determine a(3).
-1
Let q(b) = b**3 - 6*b**2 - 6. Let j be 12/8*50/15 + 34. Let z be ((-3)/5 - -1)/(j/585). Calculate q(z).
-6
Suppose -647 + 759 = -16*k. Let w(c) = 4*c + 32. What is w(k)?
4
Let j(z) = -42*z + 165. Let d(h) = -28*h + 106. Let v(f) = -8*d(f) + 5*j(f). What is v(3)?
19
Let c(x) = -x**3 + 4*x**2 + 7*x + 1. Let o(g) = -4*g. Let d be o(-1). Let p = 225 + -226. Let b be 4 + 2/d + p/(-2). Determine c(b).
11
Let k(f) = 4 + 3 - f**2 + 0*f**2 + 3*f - 17*f. Suppose 82*t + 792 + 356 = 0. Determine k(t).
7
Let w(q) = -2*q**3 - 5*q**2 - 2*q. Let d be w(-2). Suppose 2 = 2*i - 2*t, 4*t + d = 3*i - 1. Let o be 8/i + (4 - 66/18). Let s(k) = 2*k**2 - 3*k - 4. Give s(o).
5
Let q(m) = -12349 - 2*m - 2*m + 24698 - 12333. Determine q(7).
-12
Let z(k) = k**3 - 2*k**2 - 54*k - 15. Let m be z(-6). Suppose -3*y = 3*n + m, 0 = -3*y + 5*n - 3*n - 6. Let o(w) = w**3 + 5*w**2 + w - 5. What is o(y)?
7
Let x(f) = 3*f + 7. Let w be x(-5). Let t = -1 + w. Let j(a) = -5*a + 10. Let g(l) = 4*l - 10. Let s(d) = 6*g(d) + 5*j(d). Give s(t).
-1
Let b(y) = y**3 - 4*y**2 - 5*y + 4. Let t(x) = x**3 + 10*x**2 + 28*x + 27. Let d be t(-7). Let c = -39 - -12. Let g = d - c. What is b(g)?
4
Let y be (5 + -7 + -1 - -10) + -4. Let o(s) = -3*s**2 - 10 - 7 - y*s + s**2 + 20. Calculate o(2).
-11
Suppose 5*j - 7 = 2*n, j - 2*n + 13 = 8. Let q(b) = 4076 + 2*b - 8151 + 2*b**2 - 5*b**j + 4078. Give q(-2).
47
Let a(o) = -o**3 + 3*o**2 + 3*o + 4. Let l be a(4). Suppose l + 12 = -2*f. Let c(d) be the third derivative of d**4/24 + d**3/2 - 732*d**2. Give c(f).
-3
Let p(m) = 2*m**3 - 36*m**2 + m + 16. Let c(v) = 1272*v + 16554. Let l be c(-13). Calculate p(l).
34
Let s(v) = -v**3 + 2*v**2 - v - 1. Let d(x) = -25 - 2*x - 26 + 9. Let m be d(-22). Suppose -p = -5*r + m + 1, 2 = 2*r. Determine s(p).
-3
Let z(t) = t**2 + 18*t + 11. Suppose 4*k + 98 = -2*c + 62, 4*c + 54 = -2*k. Calculate z(c).
-61
Suppose -2*y = 5*b + 2769, 8*b - 5*b - 4*y + 1651 = 0. Let w = b + 564. Let o(t) = t**3 - 12*t**2 + 10*t - 1. Give o(w).
-12
Let f(a) be the third derivative of -17*a**4/12 - 19*a**3/6 - 20*a**2 - 1. Let q(b) = 16*b + 9. Let o(x) = 6*f(x) + 13*q(x). What is o(-3)?
-9
Suppose -2*w + 2*v + 23 = w, 0 = 4*w - 4*v - 24. Suppose -3*q - 40 = -w*q. Let z(g) be the second derivative of g**3/6 - 6*g**2 + 3*g + 7. Give z(q).
-7
Let s(g) = -g**3 - 4*g**2 + 11*g. Let k be (-14 - 0)*7/((-1617)/(-22))*-3. Determine s(k).
-84
Let z(g) = 8 - 10 + 3. Let b(o) = -o**2 + 5*o - 2. Let m(w) = -b(w) - 4*z(w). Determine m(3).
-8
Let a(t) = t**3 - 6*t**2 + 5*t - 8. Suppose -380*i + 72 = -356*i. Determine a(i).
-20
Let w(i) = 